atest common divisor of r and 1.
1
Let k = 3 - 9. Let d be (-5 + -2 + 4)*k. Suppose 2*r = -r + d. Calculate the highest common factor of 66 and r.
6
Suppose 0*c - 57 = -3*c. Let f = c + -13. Let p(t) = t**3 + 4*t**2 - 6*t - 3. Let w be p(-5). Calculate the highest common divisor of f and w.
2
Let x be (-904)/(-14) - (-6)/14. Calculate the greatest common divisor of x and 26.
13
Suppose 108 = 26*c - 24*c. Calculate the greatest common divisor of 81 and c.
27
Let z(p) = 3*p + 3. Let u be z(-2). Let n = 7 + u. Let b be (2*-12)/(6/(-4)). Calculate the highest common divisor of b and n.
4
Let n = -166 + 257. What is the highest common divisor of 13 and n?
13
Suppose 1 = 4*h - 47. Let p(c) = 2*c**2 + 10*c + 8. Let q be p(-6). Let u = 16 + q. What is the greatest common factor of h and u?
12
Let b = 77 - 61. What is the greatest common factor of b and 64?
16
Suppose -3*g + h = -56, -h - 4*h + 20 = 0. Calculate the highest common factor of 140 and g.
20
Let i = -8 + 10. Let n = 2 - -16. What is the greatest common factor of i and n?
2
Let x be ((-19)/4)/(2/(-16)). What is the highest common factor of 266 and x?
38
Let o = -29 + 41. Calculate the greatest common factor of 108 and o.
12
Let u(q) = -265*q - 13. Let k be u(-2). What is the greatest common factor of 47 and k?
47
Let j(g) = 7*g**3 + g**2 - 4*g + 3. Let p be j(1). Calculate the highest common divisor of p and 7.
7
Suppose -5*f = -2*l - 3*l + 335, -3*l = 3*f - 189. Suppose 2*u - 13 = u. What is the highest common factor of u and l?
13
Let m be (6/1)/(2/4). Suppose 0*n + 252 = 3*n. Calculate the greatest common factor of n and m.
12
Suppose 11*s - 7*s + 4 = 0. Let g be (84/10)/(s/(-5)). What is the highest common divisor of 6 and g?
6
Let h = 23 - 19. Suppose -68 = -h*q + 220. What is the greatest common factor of q and 9?
9
Suppose 0 = -12*h - h + 546. What is the greatest common divisor of h and 6?
6
Let d(n) = -26*n - 1. Let b be d(2). Let c = 125 + b. Calculate the highest common divisor of 48 and c.
24
Let x(l) = l**2 + l - 1. Let v be x(2). Let g be -1 - 36*(1 - 2). What is the greatest common factor of g and v?
5
Suppose 6*m = 2*m - 8. Let x be 92 - (-4 - 2/m). What is the highest common divisor of 38 and x?
19
Let h be 30*(2 + -2 - -2). Suppose 160 = -53*w + 57*w. What is the highest common divisor of h and w?
20
Let i be 3/((-6)/(-64)) - 4. Calculate the highest common divisor of i and 70.
14
Suppose -3*h - 3*f - 7 = 5, 4*f + 20 = 0. Let d = -1 - -5. What is the highest common factor of d and h?
1
Let p be ((-48)/(-9))/((-1)/6*-4). What is the greatest common divisor of p and 8?
8
Let j be 0 + 0*(-4 + 3). Suppose j*h - h = -4. What is the greatest common divisor of 20 and h?
4
Suppose 159 = m + 39. What is the greatest common divisor of m and 15?
15
Suppose -l - 8 = -3*l. Suppose -33 = -l*j + 7. Suppose 0 = -11*d + 102 + 8. Calculate the highest common divisor of j and d.
10
Let w be (-1)/((-2)/(-6)) + 113 + 2. What is the greatest common divisor of w and 14?
14
Let s(l) = l**3 - 3*l**2 + 2*l - 1. Let k be s(3). Suppose k*x - 46 - 9 = 0. What is the highest common divisor of x and 99?
11
Suppose 5*d = 8*d - 210. What is the greatest common factor of 14 and d?
14
Let s(g) = 2*g**2 - 4*g + 1. Let q be s(3). Suppose 0 = 20*p - 24*p + 28. Calculate the greatest common divisor of p and q.
7
Let y be (-1 - 9)*-2*1. Suppose -2*h + 3*n - 13 = -4*h, -h + 2*n = -3. What is the greatest common divisor of h and y?
5
Suppose q = -0*q + 5*j + 135, -q - 5*j = -95. What is the greatest common divisor of q and 23?
23
Suppose -4*n + 6 = f - 34, 5*n = f + 5. Calculate the highest common factor of 20 and f.
20
Suppose 3*d - 35 = 160. Calculate the greatest common factor of 13 and d.
13
Let n = 570 - -21. Suppose 0 = -3*v - 141 + n. What is the greatest common divisor of 15 and v?
15
Suppose 3*v = -v - b, 5*v - 3*b = -17. Let i = 6 + v. Suppose f = 4*m + 34, i*f + m - 50 = 2*f. What is the highest common factor of f and 162?
18
Let p be ((-1)/(1/4))/(-1). Let g = 7 - p. Let k(t) = t**2 + 2*t + 6. Let n be k(0). What is the greatest common divisor of n and g?
3
Let h be 198/27*(-3)/(-2). What is the greatest common factor of 33 and h?
11
Let z = -1 + 3. Suppose -2*f + 4*f = 36. Calculate the greatest common factor of z and f.
2
Let l = 65 - 61. What is the highest common factor of 4 and l?
4
Suppose -3*j - 3*z + 63 = 0, j - 5*j = 3*z - 81. Let m = j + -9. Let v be (-2 - (m - 1))/(-2). What is the greatest common factor of 45 and v?
5
Suppose 33 = 5*h - 2*h + 3*q, 5*q = 25. Calculate the highest common factor of h and 30.
6
Suppose 4*v - 112 = 464. What is the greatest common divisor of 16 and v?
16
Suppose -5*j + 3*j = 2, -2*j = 4*n - 82. Let q be (-93)/(-7) + (-2)/7. Let s = n - q. Calculate the greatest common factor of s and 20.
4
Suppose -3*k - 2*k - 15 = 0. Let w = -10 + 15. Let a = w + k. Calculate the greatest common divisor of a and 8.
2
Suppose 2*f = -2*f + 24. Let x be (3/(-2))/((-1)/f). Suppose 54 = 3*r + 4*c, 2*c = 2*r - 4 - 32. What is the highest common factor of r and x?
9
Let k be 4 + 0/(1 - 2). Let v(g) = -g**3 - 4*g**2 + 4*g + 2. Let f be v(-5). Let s = 3 + f. What is the highest common factor of k and s?
2
Suppose -5*z + 29 = -6. Calculate the highest common divisor of z and 21.
7
Let i be 0 - ((-12)/(-3) + -54). Calculate the greatest common divisor of i and 5.
5
Suppose 5*o - 120 = 4*d - 5*d, 0 = d. What is the highest common factor of o and 4?
4
Let a = -15 - -17. Suppose -a = -2*d + 2. What is the greatest common factor of 20 and d?
2
Let z be (-1)/(3/9)*4. Let w = 42 - z. Let i = 18 - 12. Calculate the highest common divisor of w and i.
6
Suppose 6 - 2 = -4*f. Let r be 1 - (-1 - (f + 1)). Calculate the greatest common factor of r and 6.
2
Let g = -274 + 386. What is the highest common divisor of g and 16?
16
Let b be 3 + 3 + (-12)/3. Suppose -6*g = -b*g - 16. Let r be (-1)/1*(-2 - 10). Calculate the highest common divisor of g and r.
4
Let b = 7 + -4. Suppose b*z - 208 - 23 = 0. Calculate the greatest common factor of 7 and z.
7
Let n be (6/3 + -3)/(-1). Suppose -6*m + 2*m = -96. Let q = -15 + m. What is the highest common divisor of q and n?
1
Let y = -1 + 11. Suppose 62 + y = 4*w. Calculate the greatest common factor of w and 12.
6
Suppose b = -0*q + 2*q - 13, 0 = 3*q - b - 20. Let t be 22*-1*(-7)/2. What is the highest common factor of q and t?
7
Suppose u + 19 - 37 = 0. What is the highest common divisor of 54 and u?
18
Suppose -2*v - 22 = -2*r, -5*r + r + v = -47. Calculate the highest common factor of 3 and r.
3
Let b(i) = -i**2 - 8*i + 72. Let t be b(-11). What is the highest common factor of t and 156?
39
Let j(w) = -w**2 + 8*w + 15. Let c be j(8). Suppose 2*l + 2*z - 16 = -2*l, 2*z = l - 9. What is the highest common factor of c and l?
5
Let i(h) = 14*h**3 + 2*h**2 + 2*h - 3. Let u be i(2). Calculate the greatest common divisor of 11 and u.
11
Let g(c) = -c - 4. Suppose y - v = -10, -y + 2*v - 16 = -2. Let h be g(y). Let k be h*3*1/6. Calculate the greatest common factor of 6 and k.
1
Suppose -2*m + 6 = m, 4*s = 4*m + 400. Let x be s/10 + (-3)/15. What is the greatest common factor of 110 and x?
10
Suppose 0 = 5*j - 64 + 19. Suppose 4*s + 5*l - 244 = l, -l - 254 = -4*s. What is the greatest common divisor of j and s?
9
Let l be -3*(-1)/(-1) - 64. Let b = -46 - l. Calculate the highest common divisor of b and 14.
7
Suppose -u = -x + 4*u + 4, -48 = -3*x - 3*u. Let i = x - -11. What is the greatest common divisor of i and 10?
5
Let m(o) = 11*o - 7. Let x be m(5). Let t be 0/((-1*3)/(-3)). Let d(q) = -q + 32. Let j be d(t). Calculate the greatest common factor of x and j.
16
Let w(m) = 2*m**2 - 2*m - 2. Let c be w(-2). Let v = 13 - -27. What is the greatest common divisor of v and c?
10
Let f be 0 + 0 - -1 - 10. Let v be (-1)/3 - 21/f. Suppose -v*d + 29 = -3*u, -d + 44 = 2*d - 4*u. What is the greatest common divisor of d and 24?
8
Suppose -y = -2*x + 13, 0*y + 2*y + 2 = 0. Suppose -2*t = t + x. Let k be (t/3)/(1/(-18)). Calculate the greatest common factor of k and 108.
12
Let o be 2/(-5) - 124/(-10). Suppose 3*w - o = 2*w. Let d = -107 + 115. Calculate the greatest common divisor of d and w.
4
Let p(s) = 1 - 4*s - 4 + 1 + s**2 + 3*s. Let q be p(4). Let j be 0 + 19 + 1 + 